be 4/3*(-13 + 10). Let c(p) = 21*p**2 - 2*p - 5. What is the units digit of c(f)?
9
Suppose 9 = -7*y + 10*y. Suppose 5*t - 232 = -2*d + 670, y*t = -d + 449. What is the units digit of d?
1
Suppose -40*j = 44*j - 1286 - 1738. What is the tens digit of j?
3
Let b = 67895 + -23414. What is the thousands digit of b?
4
Suppose 2*f - b - 12 = b, -f + 3*b = -8. Suppose 3*i - f*i = 4. What is the units digit of (-278)/(-6)*i/(6/(-9))?
9
Suppose 6*u = 2328 + 378. Let h = u + -251. What is the hundreds digit of h?
2
Suppose w - 11 = -q - 7, q + 26 = 4*w. Suppose w*x + 4 = 10*x. What is the units digit of (1 - (19 - x))*-9?
3
Suppose 0 = -10*r + 28 + 2. Suppose 4*b = 4*m - 356, r*b - 4*m + 412 = 150. What is the units digit of -1*1/2*b?
7
Let g = 305 - 278. Suppose -4*t - 4*x = -1512, -4*x = -t + 425 - g. What is the tens digit of t?
8
Suppose -10*f + 60 = -20. Let g(i) be the third derivative of i**5/20 - i**4/3 - 4*i**3/3 + 10*i**2. What is the hundreds digit of g(f)?
1
Suppose 0 = -23*u - 5861 - 2557. Let c = 1655 + u. What is the thousands digit of c?
1
Suppose 4*p + 456 = -4*n, 3*p = -114*n + 117*n - 378. Let v(c) = 62*c - 3. Let j be v(2). Let r = p + j. What is the units digit of r?
1
Let v = 661 - -4752. What is the units digit of v?
3
Suppose 0 = -5*s - 2*l + 41585, -5*s - 3*l + 855 = -40725. What is the units digit of s?
9
Let l be ((-3)/(-10))/((-6)/15)*-2188. Suppose 4*z - 443 - l = 0. What is the tens digit of z?
2
Suppose 99*j - 481422 = 17*j. What is the hundreds digit of j?
8
What is the thousands digit of (-13009)/((-26)/(-39)*(3 + 18/(-4)))?
3
Let f = -48358 - -90549. What is the hundreds digit of f?
1
Let v(p) = p**3 - 107*p**2 - 236*p + 636. What is the ten thousands digit of v(112)?
3
Let m(v) = -2*v**2 - 7*v + 94. Let y be m(7). Let g = y - -1167. What is the units digit of g?
4
Let r(c) = 12 + 8 - 1282*c**3 - 18*c - 13*c**2 + 1281*c**3. What is the tens digit of r(-12)?
9
What is the hundreds digit of (-2 - 4107)/(((-9)/27)/(8/24))?
1
Let k(z) = -10 + 5*z - 31*z - 42*z + 91. What is the hundreds digit of k(-12)?
8
Suppose -w = -2*s + 3, 3*w = 14 + 1. Suppose s*q + 1058 = 3*v, 3*v - 1754 = -2*v + 2*q. What is the tens digit of v?
5
Let w = 128 + -32. Suppose w = -4*b - 132. Let v = 100 + b. What is the units digit of v?
3
Let k = 36 - 21. Suppose k*j = 16*j + 22. Let v = j - -136. What is the hundreds digit of v?
1
Suppose -s = -0*r + 4*r + 115, 2*s - 5*r = -204. Let p = -31 - s. What is the units digit of p?
6
Let t = -674 + 514. Let h = t + 469. What is the hundreds digit of h?
3
Suppose -s + 6987 = -109*y + 110*y, 5*s = 5*y + 34855. What is the hundreds digit of s?
9
Let a = -24608 + 43454. What is the ten thousands digit of a?
1
Let c be (-24)/(-56) - 6/14. What is the tens digit of (c - 0) + 488 - -6?
9
Let k = -19 - -75. Suppose k = 8*u - 4*u. What is the units digit of ((-12)/u)/(3/(-273))?
8
Let v(p) = 12*p**3 + 21*p**2 - 86*p + 52. What is the hundreds digit of v(12)?
7
Let n(w) = -83*w**3 - 3*w**2 + w - 4. Let k be n(-3). Suppose 3*i + 6*f = 11*f + k, 0 = i + 4*f - 747. What is the units digit of i?
9
Suppose 3*v = -2*y + 8907, 2*v + 2*y = -2*y + 5930. What is the tens digit of v?
7
Let w = 47477 - 4781. What is the thousands digit of w?
2
Let v(g) = 7*g**2 - 9*g. Let n(q) = -22*q**2 + 28*q. Let k(t) = -5*n(t) - 16*v(t). Let p be k(-2). Let z = 37 - p. What is the tens digit of z?
5
Let u(r) = 9*r**2 - r - 1. Let j be u(-4). Suppose 4*d = 6*d - 76. Let t = j - d. What is the hundreds digit of t?
1
Suppose 0 = 4*o + 9*o - 39. Suppose -1 = 3*m - 16, 3*x = o*m + 6. Suppose -567 + 217 = -x*c. What is the tens digit of c?
5
Suppose -33*t - 33875 = -38*t - 5*i, -2*i = -2*t + 13542. What is the units digit of t?
3
Let k(n) = 17*n**3 - n**2 + 2*n - 1. Let u be k(1). Let x = 79 - u. What is the tens digit of (28/8 + -3)*x?
3
Let r be (-594 - 0)*((-75)/10 - -7). Suppose -5*m - 5*u + 43 = -r, -3*u + 342 = 5*m. Suppose m = 2*y - 5*a, 51 = -2*y + 4*y + a. What is the tens digit of y?
2
Let q = -5773 - -21097. What is the units digit of q?
4
Suppose 76122 = 6*q - 5*d + 9*d, -63435 = -5*q - d. What is the hundreds digit of q?
6
Suppose 0 = 5*k - 3928 - 572. Suppose k = 12*d - 72. What is the tens digit of d?
8
Suppose 14*x - 516 - 646 = 0. Let t = x - 8. Suppose 7*k = 4*k + t. What is the tens digit of k?
2
Suppose -2*d + 826 = -9*m + 11*m, 5*d = -4*m + 2064. Suppose d = 4*c - 4. What is the tens digit of c?
0
Let t(h) = 169*h + 22. Let a be t(7). Suppose 26*u - 1707 = a. What is the hundreds digit of u?
1
Let w = 5867 + 2533. What is the tens digit of w?
0
Suppose -1 - 17 = 3*y, -3*x + 64701 = 4*y. What is the hundreds digit of x?
5
Let q(w) = w**3 - 8*w**2 + 11*w + 12. Let z be q(6). Let x(l) = -l**2 + 7*l. Let h be x(z). Suppose 0 = -3*g + h*g - 144. What is the tens digit of g?
4
Suppose 2*z - 536 = x + 730, -z + 642 = 4*x. Let c = z + -311. What is the tens digit of c?
2
Let d(w) = -w**3 + 12*w**2 + 17*w - 51. Let a be d(13). What is the tens digit of 497*3/3 - (-2 + a)?
9
Let f = -43108 - -60472. What is the hundreds digit of f?
3
Let a = 9556 - 3866. What is the tens digit of a?
9
Suppose -3*q - z - z - 2162 = 0, 8 = 4*z. Let x = -362 - q. What is the hundreds digit of x?
3
Suppose 2*p + 27 = 5*h, -2*p + 11 = 5*h - 12. Suppose u - 722 = -3*c + 5*u, h*u + 724 = 3*c. What is the tens digit of c?
3
Let i(v) = 151*v + 14. Let s be i(3). Let d = s + -325. What is the units digit of d?
2
Suppose 88 = m - 2*m. Let k = 708 - m. What is the hundreds digit of k?
7
Let d = -6120 + 17321. What is the ten thousands digit of d?
1
What is the units digit of (411807/(-55))/((-15)/25) + -2?
7
Let u = -4 - -6. Let s be (1*u)/(-2) - 320/(-16). Suppose 4*a + 4*l - 101 = s, 3*a + l - 86 = 0. What is the tens digit of a?
2
Let m(d) = 169*d - 1. Let n(x) = -512*x - 5. Let r(o) = 171*o + 2. Let l(q) = 3*n(q) + 8*r(q). Let f(g) = -4*l(g) - 3*m(g). What is the units digit of f(1)?
4
Let o(f) = -3*f**2 - 2*f + 388. Let q be o(-14). Let z(k) = -k + 5. Let c be z(5). What is the tens digit of q/(-2) - c - (-5 - -1)?
9
Suppose 0 = 4*v + 5*r + 4, 3*r - 1 = v + r. What is the hundreds digit of 263 - (v + (-25)/(-5) - -2)?
2
Let d(b) = 1265*b**2 - 213*b + 1691. What is the ten thousands digit of d(8)?
8
Suppose j = 4, -6*j + 4*j + 3 = -g. Suppose 4*l - q = 3879, 5*q + 6248 - 1403 = g*l. What is the tens digit of l?
7
Let n(c) = 6*c**2 - 8*c - 38. Let p be n(10). Let y = 799 - p. What is the tens digit of y?
1
Suppose -k = 6, -7*k + 26228 = l - 3*k. What is the units digit of l?
2
Let w be (-1 + 1)/(-2) - -1. Let a = 50 - 37. Let x = w + a. What is the tens digit of x?
1
Suppose 0 = -4*n - 53 - 55. Let q = 10 - n. Suppose -q = 13*i - 453. What is the units digit of i?
2
Let o(y) = y**3 + 4*y**2 + y + 5. Let m be o(-4). Let l be (0/(-3))/(1/(2 - m)). Suppose -u + 9 - 7 = l. What is the units digit of u?
2
Let m be 1*14 + 340/68. Suppose 1222 = 2*d + 15*v - m*v, 0 = 2*d + 2*v - 1252. What is the hundreds digit of d?
6
Let d(v) = 14*v**2 + 64*v + 45. What is the tens digit of d(38)?
9
Suppose 42*n - 2703158 = -107*n. What is the units digit of n?
2
Let j = 1989 - -2937. What is the tens digit of j?
2
Suppose 5*t - 33864 = 4*n + 4106, -5*t + 37995 = n. What is the thousands digit of t?
7
Let o(y) = -5*y - 43. Let d be o(-13). Suppose a + 2 = -2*x, 2*a - a - d = 4*x. Suppose a*h = 267 + 21. What is the tens digit of h?
4
Let g be (-168)/35*(-40)/(-8). What is the thousands digit of ((-11640)/25)/(g/60)?
1
What is the tens digit of (-2 - 484/10)*(-24830)/52?
6
Let b = -49 - 1. Let f = b + 53. What is the tens digit of 1/2*-63*(-20)/f?
1
Let q = 4480 + 3107. What is the thousands digit of q?
7
Suppose -19*j - 36 = -28*j. Let i(t) = 10*t**3 - 2*t**2 + 19*t + 3. What is the tens digit of i(j)?
8
Suppose 152*n - 157*n + 73860 = 0. What is the units digit of n?
2
Suppose 4*z - 116 = -3*f + 68, -2*z - f = -90. Let d = -40 + z. Let n(o) = 9*o**2 - o + 10. What is the tens digit of n(d)?
8
Suppose 90*x + 30*x - 1004562 = 39*x. What is the ten thousands digit of x?
1
Suppose 378686 = 6*h + 5*t, 5*t + 51839 + 11322 = h. What is the ten thousands digit of h?
6
Let h = 13662 - 737. What is the hundreds digit of h?
9
Suppose 31636 = 4*x + 4*i, 0 = -x - 777*i + 779*i + 7930. Wha